{"id":109,"date":"2018-06-01T22:09:15","date_gmt":"2018-06-01T21:09:15","guid":{"rendered":"http:\/\/nura-technic.de\/?page_id=109"},"modified":"2018-06-01T22:15:42","modified_gmt":"2018-06-01T21:15:42","slug":"datenschutz","status":"publish","type":"page","link":"https:\/\/nura-technic.de\/?page_id=109","title":{"rendered":"Datenschutz"},"content":{"rendered":"<h2>Datenschutzerkl\u00e4rung<\/h2>\n<h3>Kurzfassung<\/h3>\n<ol>\n<li>Personenbezogene  Daten werden nur mit Ihrem Wissen und Ihrer Einwilligung erhoben. <\/li>\n<li>Wenn Sie Cookies annehmen, werden Cookies zur Steuerung des Web-Seite <strong>auf Ihrem Rechner hinterlegt<\/strong>.<\/li>\n<li>Die von Ihrem Browser \u00fcbermittelten, von mir erhobenen und verarbeiteten Daten reichen nicht aus Sie zu identifizieren. Eine festgelegte L\u00f6schfrist f\u00fcr diese Daten besteht nicht.<\/li>\n<li>Wenn Sie einen Kommentar zu einer Seite oder einen Artikels abgeben, werden durch Sie bereitgestellte personenbezogene Daten erhoben, verarbeitet, gespeichert und teilweise ver\u00f6ffentlicht. Was normalerweise Sinn oder Zweck eines Kommentars ist. Die Speicherung erfolgt grunds\u00e4tzlich unbegrenzt.<\/li>\n<li>\u00dcber das Teilen der Artikel in sozialen Medien werden keine Daten erhoben.<\/li>\n<\/ol>\n<h2>Informationspflicht bei Erhebung von personenbezogenen Daten bei der betroffenen Person<\/h2>\n<p>Siehe <a href=\"https:\/\/dsgvo-gesetz.de\/art-13-dsgvo\/\" rel=\"noopener\" target=\"_blank\">Artikel 13 DSGVO<\/a>.<\/p>\n<h3>Kontaktdaten gem. Art 13 a<\/h3>\n<p>Thomas Arend<br \/>\nZingsheimstra\u00dfe 31<br \/>\n53359 Rheinbach<br \/>\n<a name=\"eins\">E-Mail:<\/a> thomas ( at ) arend-rhb.de<\/p>\n<h3>Kontaktdaten Datenschutzbeauftragter gem. Art 13 b)<\/h3>\n<p>Entf\u00e4llt.<\/p>\n<h3>Zweck und Rechtsgrundlage gem. Art 13 c)<\/h3>\n<p>Die Rechtsgrundlage f\u00fcr die Verarbeitung von Kommentaren und die Speicherung von Cookies auf Ihrem Rechner ist <a href=\"https:\/\/dsgvo-gesetz.de\/art-6-dsgvo\/\" rel=\"noopener\" target=\"_blank\">Artikel 6 Absatz 1 Buchstabe a.<\/a> <\/p>\n<p>Mit Best\u00e4tigung der &#8222;Cookie Notice&#8220; bei ersten Aufruf der Seite, erteilen Sie Ihr Einverst\u00e4ndnis nach Artikel 13 DSVGO.<\/p>\n<p>Mit Absenden eines Kommentars stimmen Sie der Speicherung, Verarbeitung und Ver\u00f6ffentlichung zu. Dies erfolgt grunds\u00e4tzlich unbegrenzt. Dabei behalte ich mir jedoch vor die Kommentare jederzeit zu l\u00f6schen oder nicht zu ver\u00f6ffentlichen.<\/p>\n<p>Die Rechtsgrundlage f\u00fcr die Verarbeitung von Log-Daten ist <a href=\"https:\/\/dsgvo-gesetz.de\/art-6-dsgvo\/\" rel=\"noopener\" target=\"_blank\">Artikel 6 Absatz 1 Buchstabe f  DSGVO<\/a>. Zweck siehe <a href=\"#art13d\">&#8222;Mein berechtigtes Interesse&#8220; <\/a>.<\/p>\n<h3 name=\"art13d\">Mein berechtigtes Interesse gem. Art 13 d)<\/h3>\n<p>Log-Daten werden durch mich verarbeitet, um <\/p>\n<ul>\n<li>einen reibungslosen Verbindungsaufbau und <\/li>\n<li>eine komfortable Nutzung dieser Website zu erm\u00f6glichen  und<\/li>\n<li>die Inhalte korrekt auszuliefern. <\/li>\n<\/ul>\n<p>Die Informationen  werden gespeichert und ausgewertet um<\/p>\n<ul>\n<li>die Systemsicherheit und -stabilit\u00e4t zu gew\u00e4hrleisten, <\/li>\n<li>die Fehlerfreiheit der Seiten zu pr\u00fcfen und<\/li>\n<li>Statistiken \u00fcber die Nutzung und Reichweite der Seiten zu erstellen.<\/li>\n<\/ul>\n<p>Mein berechtigtes Interesse folgt aus den oben genannten Zwecken, die Daten sind f\u00fcr mich technisch erforderlich, um Ihnen meine Website anzuzeigen und die Stabilit\u00e4t und Sicherheit zu gew\u00e4hrleisten. In keinem Fall verwende ich die erhobenen Daten zu dem Zweck, R\u00fcckschl\u00fcsse auf Ihre Person zu ziehen.<\/p>\n<h3>Empf\u00e4nger personenbezogener Daten gem. Art 13 e)<\/h3>\n<p>Eine Weitergabe durch mich erhobenen Daten erfolgt grunds\u00e4tzlich nicht. <\/p>\n<h3>\u00dcbermittlung an ein Drittland oder eine internationale Organisation gem. Art. 13 f)<\/h3>\n<p>Eine \u00dcbermittlung an ein Drittland erfolgt grunds\u00e4tzlich nicht. Durch das Einbetten von Bildern kann Ihr Browser andere Server kontaktieren und diesen Informationen (IP-Adresse) \u00fcbertragen.<\/p>\n<h3>Auskunftsrecht gem. Art. 15<\/h3>\n<p>Sie haben dieser Web-Seite folgende IP-Adressen \u00fcbermittelt:<\/p>\n<div class=\"tawp_yourip\">Client: -;<br \/> Remote: 216.73.216.105; <br \/>Forwarded for: -;<\/div>\n<p>Da ich \u00fcber Ihre IP-Adresse hinaus keine Informationen habe, um die vorhandenen Daten Ihnen zuzuordnen, brauche ich f\u00fcr die Beantwortung einer Anfrage <a href=\"https:\/\/dsgvo-gesetz.de\/art-15-dsgvo\/\" rel=\"noopener\" target=\"_blank\">gem. Artikel 15 DSVGO<\/a> mindestens folgende Informationen (Siehe <a href=\"https:\/\/dsgvo-gesetz.de\/art-11-dsgvo\/\" rel=\"noopener\" target=\"_blank\">Artikel 11 Absatz 2 DSVGO<\/a>) :<\/p>\n<ol>\n<li>Genutzte IP-Adressen  mit genauem Zeitraum der Nutzung. Die aktuellen Adressen siehe oben.<\/li>\n<li>Nachweis (Best\u00e4tigung Ihres Providers \/ Zugangsanbieters), dass diese IP-Adressen im angefragten Zeitraum ausschlie\u00dflich Ihnen zugeordnet waren.<\/li>\n<li>Nachweis, dass das zugeordnete Endger\u00e4t in diesen Zeitr\u00e4umen ausschlie\u00dflich von Ihnen und nicht von Dritten (Ehepartner, Kinder, G\u00e4ste etc.)  genutzt wurde.<\/li>\n<li>Ggf. weitere Daten und Nachweise<\/li>\n<\/ol>\n<h2>Erhebung und Speicherung (personenbezogener) Daten sowie Art und Zweck von deren Verwendung<\/h2>\n<p>Welche (personenbezogenen) Daten werden gespeichert?<\/p>\n<h3>Log-Dateien<\/h3>\n<p>Beim Aufrufen dieser Web-Seite werden durch Ihren Browser Informationen an meinen Server gesendet. Ein Teil dieser Informationen ist zwingend notwendig, um eine bestimmte Seite bereitstellen zu k\u00f6nnen. Welche Daten Ihr Browser sendet, bestimmen Sie selbst. Ohne Ihre IP-Adresse kann z.B. keine Information an Ihr Endger\u00e4t Sie gesandt werden. Ein kleiner Teil dieser Informationen werden in einem Log-File (Access-Log) dauerhaft (bis zur L\u00f6schung) gespeichert. In Fehlerfall werden weitere technische Informationen in einem weiteren Log-File gespeichert (Error-Log).<\/p>\n<p>Im Access-Log dieses Servers werden alle Seitenzugriffe wie im folgenden Beispiel aufgezeichnet.  <\/p>\n<blockquote><p>\n2003:a2:df71:6303:ecc8:2134:234d:ee1 &#8211; &#8211; [08\/May\/2018:20:40:14 +0200] &#8222;GET \/wp-content\/plugins\/showtime-slideshow\/include\/style.css?ver=4.9.5 HTTP\/1.1&#8220; 404 55603 &#8222;http:\/\/byggvir.de\/wp-admin\/options-general.php?settings-updated=true&#8220; &#8222;Mozilla\/5.0 (X11; Linux x86_64; rv:52.0) Gecko\/20100101 Firefox\/52.0&#8220;<br \/>\n96.123.245.12 &#8211; &#8211; [08\/May\/2018:20:40:14 +0200] &#8222;GET \/wp-content\/plugins\/showtime-slideshow\/include\/style.css?ver=4.9.5 HTTP\/1.1&#8220; 404 55603 &#8222;http:\/\/byggvir.de\/wp-admin\/options-general.php?settings-updated=true&#8220; &#8222;Mozilla\/5.0 (X11; Linux x86_64; rv:52.0) Gecko\/20100101 Firefox\/52.0&#8220;\n<\/p><\/blockquote>\n<p>Hierbei handelt es sich um:<\/p>\n<ol>\n<li>eine IP-Adresse<\/li>\n<li>Datum und Uhrzeit des Aufrufes \/ Eintrages<\/li>\n<li>Aufgerufene Seite<\/li>\n<li>Returncode des Servers<\/li>\n<li>L\u00e4nge der Antwort in Byte <\/li>\n<li><a href=\"https:\/\/de.wikipedia.org\/wiki\/Referrer\" rel=\"noopener\" target=\"_blank\">Refferer<\/a> (Verweis)<\/li>\n<li><a href=\"https:\/\/de.wikipedia.org\/wiki\/User_Agent\" rel=\"noopener\" target=\"_blank\">User-Agent<\/a><\/li>\n<\/ol>\n<p>Aufgrund der Verwendung von <a href=\"https:\/\/de.wikipedia.org\/wiki\/IPv6\" rel=\"noopener\" target=\"_blank\">IPv6<\/a> und des direkten Zugriffes (kein NAT, kein Proxy) kann der erste Eintrag eindeutig dem Ger\u00e4t zugeordnet werden, von dem die Anfrage stammt. Eine IPv6-Adresse ist genau einem Ger\u00e4t zugeordnet, wenn kein VPN Dienst, Proxy oder NAT verwendet wird.<\/p>\n<p>Heutzutage verbirgt sich hinter einer IPv4-Adresse in der Regel ein Anschluss mit mehreren Ger\u00e4ten und Nutzern oder der Server eines Providers mit sehr vielen Nutzern und Ger\u00e4ten.  M\u00f6glicherweise ist in der IPv6-Adresse die MAC Adresse des Ger\u00e4tes enthalten, was im Beispiel nicht der Fall ist.<\/p>\n<p>Bei der Verwendung einer <a href=\"https:\/\/de.wikipedia.org\/wiki\/IPv4\" rel=\"noopener\" target=\"_blank\">IPv4<\/a>-Adresse (zweiter Eintrag) wird diese Adresse daher in der Regel die Adresse des Proxy Servers Ihres Providers oder die IP-Adresse Ihres Routers sein<\/p>\n<p>Der Refferer (Verweisende) gibt Auskunft dar\u00fcber, von welcher Seite Ihre Anfrage kommt &#8211; welche Seite Sie auf diese Web-Seite verwiesen hat. Wenn Sie die Adresse per Hand eingeben, dann ist dieser Wert leer. Ihr Browser sollte einen Refferer nur dann \u00fcbertragen, wenn Sie von einer Seite dieser Web-Seite kommen. Kommen Sie z.B. von einen Suchergebnis der Google Suche, sollte der Eintrag leer sein. Dies k\u00f6nnen Sie in Ihrem Browser einstellen.<\/p>\n<p>Auch die Informationen \u00fcber Ihren User-Agent sind nicht valide, da alle Werte \u00fcber Plug-Ins manipuliert werden k\u00f6nnen, so dass hinter einem Internet Explorer unter Windows durchaus ein Firefox unter Linux stecken kann.<\/p>\n<p>Mit diesen Log-Daten sind Sie nur mit Hilfe zus\u00e4tzlicher Informationen identifizierbar, \u00fcber die ich nicht verf\u00fcge und auf die ich keinen Zugriff habe.  Daher erf\u00fcllen diese Eintr\u00e4ge m.E. nicht die Kriterien Personenbezogener Daten (<a href=\"https:\/\/dsgvo-gesetz.de\/art-4-dsgvo\/\" rel=\"noopener\" target=\"_blank\">Artikel 4 1. DSGVO<\/a>). Dies ist jedoch strittig.<\/p>\n<p>Eine Weitergabe der Log-Eintr\u00e4ge an Dritte erfolgt nicht. Einen Zugriff der STRATO AG (Hoster) kann ich leider nicht verhindern. Eine Weitergabe der Log-Eintr\u00e4ge bei Rechtsverst\u00f6\u00dfen behalte ich mir vor.<\/p>\n<h3>Kommentare<\/h3>\n<p>Wenn Besucher Kommentare auf der Website schreiben, sammle ich die Daten, die im Kommentar-Formular angezeigt werden, au\u00dferdem die IP-Adresse des Besuchers und den User-Agent-String (damit wird der Browser identifiziert), um die Erkennung von Spam zu unterst\u00fctzen.<\/p>\n<p>Aus Ihrer E-Mail-Adresse kann eine anonymisierte Zeichenfolge erstellt (auch Hash genannt) und dem Gravatar-Dienst \u00fcbergeben werden, um zu pr\u00fcfen, ob Sie diesen benutzen. Die Datenschutzerkl\u00e4rung des Gravatar-Dienstes finden Sie hier:<a href=\"https:\/\/automattic.com\/privacy\/\" rel=\"noopener\" target=\"_blank\"> https:\/\/automattic.com\/privacy\/<\/a>. Nachdem Ihr Kommentar freigegeben wurde, ist Ihr Profilbild \u00f6ffentlich im Kontext Ihres Kommentars sichtbar.<\/p>\n<p>Durch Absenden eines Kommentars willigen Sie in die Speicherung, Verarbeitung und Ver\u00f6ffentlichung (Anzeige) des Kommentars auf dieser Seite ein. <a href=\"https:\/\/dsgvo-gesetz.de\/art-6-dsgvo\/\" rel=\"noopener\" target=\"_blank\">Artikel 6 (1) a DSGVO<\/a><\/p>\n<p>Falls Sie einen Kommentar abgeben, werden im Wesentlichen folgende zus\u00e4tzliche Informationen gespeichert: <\/p>\n<ol>\n<li>der Kommentartext, den Sie eingeben,<\/li>\n<li>der Name, den Sie eingeben,<\/li>\n<li>die E-Mail-Adresse, die Sie eingeben,<\/li>\n<li>die Web-Seite, die Sie eingeben.<\/li>\n<li>die IP-Adresse, des Computers, DSL-.Router oder des Proxy-Servers \u00fcber den Sie den Kommentar abschicken.<\/li>\n<\/ol>\n<p>Die Informationen 1 bis 4 m\u00fcssen Sie im Kommentar-Formular eingeben. Alle weiteren Informationen steuert Ihr Browser bzw. dieser Server nach den Angaben Ihres Browsers und der internen Uhr bei. <\/p>\n<p>Die Informationen 1 bis 4 werden nicht auf G\u00fcltigkeit gepr\u00fcft. <\/p>\n<p>Ihre E-Mail Adresse wird nicht angezeigt, wohl aber ein Gravatar, wenn Sie diesen Dienst mit der eingegebenen E-Mail-Adresse nutzen. Die E-Mailadresse dient der Pr\u00fcfung der Plausibilit\u00e4t des Kommentars und ggf. der Kontaktaufnahme f\u00fcr R\u00fcckfragen oder Antworten, die ich nicht \u00f6ffentlich geben m\u00f6chte. <\/p>\n<h3>Cookies<\/h3>\n<p>Diese Seiten basiert auf WordPress. Cookies werden von den Programmen in einer Web-Seite (z.B. mit JavaScript) erzeugt und verwendet. Bei Cookies handelt es sich um Informationen, die als Text auf Ihrem Rechner gespeichert werden. Cookies erm\u00f6glichen es Informationen auf Ihrem Rechner zwischenzuspeichern und beim n\u00e4chsten Aufruf der Web-Seite wiederzuverwenden. Sie dienen dazu, das Internetangebot insgesamt nutzerfreundlicher und effektiver zu machen. Zum Beispiel k\u00f6nnen Sie dadurch in Web-Shops einkaufen, ohne sich anzumelden und einen Warenkorb mit mehr als einem Artikel bef\u00fcllen.<\/p>\n<p>Welche Cookies gesetzt sind, k\u00f6nnen Sie sich im Browser anschauen. In Firefox z.-B. unter den Seiteninformationen (View Page Info &#8211; Security &#8211; Cookies). In der Regel l\u00f6scht der Browser die Cokkies nach einem festgelegten Ablaufdatum.<\/p>\n<p>Cookies k\u00f6nnen keine Programme ausf\u00fchren oder Viren auf Ihren Computer \u00fcbertragen. <\/p>\n","protected":false},"excerpt":{"rendered":"<p>Datenschutzerkl\u00e4rung Kurzfassung Personenbezogene Daten werden nur mit Ihrem Wissen und Ihrer Einwilligung erhoben. Wenn Sie Cookies annehmen, werden Cookies zur Steuerung des Web-Seite auf Ihrem Rechner hinterlegt. Die von Ihrem Browser \u00fcbermittelten, von mir erhobenen und verarbeiteten Daten reichen nicht &hellip; <a href=\"https:\/\/nura-technic.de\/?page_id=109\">Weiterlesen <span class=\"meta-nav\">&rarr;<\/span><\/a><\/p>\n","protected":false},"author":2,"featured_media":0,"parent":0,"menu_order":0,"comment_status":"closed","ping_status":"closed","template":"","meta":{"footnotes":""},"class_list":["post-109","page","type-page","status-publish","hentry"],"_links":{"self":[{"href":"https:\/\/nura-technic.de\/index.php?rest_route=\/wp\/v2\/pages\/109","targetHints":{"allow":["GET"]}}],"collection":[{"href":"https:\/\/nura-technic.de\/index.php?rest_route=\/wp\/v2\/pages"}],"about":[{"href":"https:\/\/nura-technic.de\/index.php?rest_route=\/wp\/v2\/types\/page"}],"author":[{"embeddable":true,"href":"https:\/\/nura-technic.de\/index.php?rest_route=\/wp\/v2\/users\/2"}],"replies":[{"embeddable":true,"href":"https:\/\/nura-technic.de\/index.php?rest_route=%2Fwp%2Fv2%2Fcomments&post=109"}],"version-history":[{"count":4,"href":"https:\/\/nura-technic.de\/index.php?rest_route=\/wp\/v2\/pages\/109\/revisions"}],"predecessor-version":[{"id":114,"href":"https:\/\/nura-technic.de\/index.php?rest_route=\/wp\/v2\/pages\/109\/revisions\/114"}],"wp:attachment":[{"href":"https:\/\/nura-technic.de\/index.php?rest_route=%2Fwp%2Fv2%2Fmedia&parent=109"}],"curies":[{"name":"wp","href":"https:\/\/api.w.org\/{rel}","templated":true}]}}